36))).
-11
What is -2 - (-2 + 1 + 5 - -1)?
-7
Calculate 2 - 15 - (19 - 2 - 10).
-20
What is -36 + (11 - -3) - (2 - 2) - -5?
-17
11 - (-5 + 7) - (-9 - -8)
10
Evaluate (2 - (0 + 0)) + (11 + -28 - -12).
-3
Evaluate 17 + (-4 - -10) - -2 - 10.
15
Calculate (-3 - -2 - -26) + -12.
13
-36 + -2 + 16 + 17
-5
Evaluate -1 + 13 + -4 + -16.
-8
What is -31 - (-16 + (-2 - -4))?
-17
What is -8 + 10 + -29 + 44?
17
What is 4 + (11 - 5) + -5 + -4 + 3?
4
-12 + 9 + (7 - 0) + 7
11
What is (-2 - (-3 - -2)) + 4 + 25 + -19?
9
Calculate -7 - (8 + -21 + -2).
8
What is 0 + 11 + -4 + (-5 + 6 - 6)?
2
Calculate 140 - 134 - (0 + -3 + 3 + -6).
12
What is (1 - 10) + 13 - (-8 + 1 + 1)?
10
Calculate -29 + (15 - (15 + -11)).
-18
What is the value of -44 + 21 - (-6 + 4)?
-21
Evaluate 10 + 1 + (-71 - (-71 + 23)).
-12
What is the value of (-7 + 3 + 6 - -4) + 6 + -2?
10
What is the value of (-4 - (4 + -5)) + -82 + 76?
-9
Evaluate (-38 - -9) + 29 - ((0 - 1) + -4).
5
-1 + -3 + 4 + -6 + 10
4
Evaluate -3 - (3 + -5 + 1 + -9).
7
Calculate -1097 + 1134 + (-1 - 29).
7
Evaluate 15 + 3 + (10 - 1 - 7).
20
Evaluate -9 + (-2 - -12) + -8 + 33.
26
What is the value of 10 + (6 - (6 - 3 - -7))?
6
-7 + -16 + 7 + 22
6
Calculate -8 + 1 + (1193 - 1221).
-35
What is the value of (116 - 80) + (1 - 21)?
16
20 + 22 + -38 + 29
33
Evaluate -2 + -7 + 20 - 8.
3
What is the value of (0 - (2 - -12)) + (89 - 83) - 3?
-11
Evaluate 63 + -66 + 0 + 3 + 2 + 7.
9
Calculate -3 + 2 + (-8 - (-7 + 2 - -3)).
-7
Evaluate (10 - 2) + (-9 - (2 - 8)).
5
Calculate (47 - 46) + -8 - ((-1 - 0) + -6).
0
-8 + 28 + 3 + -6
17
What is the value of (-5 + (-1 - -3) - -2) + -4 + -3?
-8
Evaluate 0 + 3 + 11 + 7 + -27.
-6
What is the value of 27 + -5 - (-90 - -87)?
25
What is the value of (-9 - (1 - 7)) + (-2 - (1 + -7))?
1
Calculate 65 + -43 - (1 + 28).
-7
3 + 6 - ((-1 - 5) + 5 - -8)
2
What is the value of (0 - -29 - 14) + -17 + 0?
-2
What is (-7 - (9 + -2 + -33)) + 2?
21
What is 0 - (9 + -8 + (-2 - 12))?
13
8 - (4 + (4 - 4 - (-7 - -13)))
10
-10 - (-6 - (0 - -20)) - -2
18
What is (1 - 1) + (-6 - (0 - (13 - 23)))?
-16
-16 - -1 - (15 + (-5 - 17))
-8
Calculate -12 + 9 + -7 + 5.
-5
What is the value of 5 + -1 + -2 + -11 - (-1 + 0)?
-8
What is the value of 45 + -3 + -2 + 2 - 8 - 9?
25
What is -31 - (-8 + (4 - 1 - 9))?
-17
Evaluate -2 + 4 - -12 - (-30 + 5 + 34).
5
What is the value of (-17 + 19 - (3 + 6)) + -17?
-24
What is -13 + (14 - -29) - 3?
27
4 - 26 - (-15 - (1 - 9))
-15
Evaluate -13 + -2 + -222 + 225 - 3.
-15
Calculate -40 + 6 + 4 + (0 + 3 - -1).
-26
-8 + 3 + -5 + 6 + 11
7
What is the value of (-4 + -3 - (-1 + 0)) + 0?
-6
10 + 0 + (27 - 55)
-18
Evaluate 0 + 34 + 3 + -8.
29
What is (142 + -142 - (0 + 0 - -15)) + 7?
-8
What is the value of 14 - (-6 + 8 - -23)?
-11
Calculate -9 + 12 + -13 + -1 + 0 + -7.
-18
-31 + 12 + -2 - -10
-11
Evaluate (-1 - -4) + -6 + 6 + -11.
-8
(-1 - -3) + (8 - 23 - -3)
-10
Calculate -8 - ((-22 - -14) + 4).
-4
Calculate 0 + -1 + -13 + (19 - (5 + 14)).
-14
What is the value of 4 + (-20 - (2 - 3)) + -6?
-21
Calculate -10 - ((-50 - -9) + (-5 - -17)).
19
What is (-2 - -1) + (-47 - -65)?
17
Calculate -6 + (6 - (-6 - 2) - 9).
-1
What is -112 + 109 + (29 - 1) + -9?
16
What is the value of 5 + 4 + -13 + 1?
-3
18 - 0 - (-18 - (21 + -47))
10
Evaluate 16 + -17 + 38 + -26.
11
2 + 8 + (14 + -32 - -8)
0
-8 - (8 + 7 + -7 - 11)
-5
Calculate 11 + 0 + -50 + (4 - -47).
12
Calculate 26 - (20 + -3 - 2).
11
19 + (9 - (16 - 1))
13
What is the value of 9 - (3 - 9 - (-1 + -6))?
8
Calculate (32 + -22 - 21) + (-1 - -21).
9
8 + (0 + -4 - 5)
-1
What is the value of -2 + -5 + 17 + -12 + (-4 - 3)?
-9
Evaluate -1 + 5 + (24 - 1) - 0.
27
What is -1 + 3 - 9 - (-2137 - -2107)?
23
-36 - -22 - (-1 - (-6 + -6))
-25
What is the value of (0 - -6) + (-985 - -965)?
-14
Evaluate 0 + 14 + -8 + -10.
-4
Evaluate -2 - 23 - (18 + -12) - -13.
-18
What is the value of 275 - 238 - (1 + 42)?
-6
Evaluate -11 - (-1 - (0 + -1)) - 3.
-14
Evaluate 1 - 3 - (8 + (69 - 78)).
-1
(-5 + 3 - -7) + (37 - 23) + -28
-9
What is the value of 11 + -2 + (-9 - (-6 - -2))?
4
Calculate 5 + (15 - -4) + 12 + -14.
22
-11 - ((-11 - -2) + 8) - -2
-8
-2 + 14 + 4 + -11 - 9
-4
Evaluate 13 + 3 - (133 - 122).
5
Calculate (7 - 7) + 5 + -24 + 21.
2
What is the value of -10 - (12 + 1) - -9?
-14
Evaluate (3 - -8) + (8 + -14 - -4).
9
What is the value of 5 - (-17 + 9 + 0 + 0)?
13
What is 531 + -536 + (5 - -1)?
1
Evaluate 40 + -51 + 0 + (2 - (-2 - 2)).
-5
Calculate (9 - 3) + (-9 - (-11 - -5)).
3
What is the value of (27 - 32) + (5 + -13 - 2)?
-15
Evaluate 13 - 20 - (-24 - -20).
-3
Calculate -7 + 2 + (-6 - (3 - 0)) + 3.
-11
What is 0 + -6 + (0 - (-7 + 9)) + -4?
-12
Calculate 7 + 2 + (-8 - 0).
1
What is the value of 53 + -53 + (0 - (-5 + (-2 - -5)))?
2
Evaluate -16 + (-7 - (-17 + 14 + -17)).
-3
Evaluate (23 - 10) + (-5 - 1).
7
Evaluate 1 - -15 - (1 + 0) - 14.
1
What is (29 - -6 - 20 - (1 + -7)) + -1?
20
Calculate ((-17 - -24) + (-2 - -1) - 2) + -11.
-7
Evaluate -75 + 82 - (-7 - -2).
12
What is the value of -25 + -1 + 944 + -917?
1
-20 + 17 + 16 + 3 + -1
15
Calculate 11 + 3 + -5 - (2 + 1).
6
36 + 13 + -9 + -47
-7
17 - (-23 + 25 - -22)
-7
Calculate -5 + (-8 - -11) - (4 + -7).
1
Calculate (-1 - -49) + (211 - 243).
16
16 + 2 - (-1 - -4) - 0
15
What is (2 - (2 + 4 + 1)) + (-26 - -44)?
13
Calculate -22 - (-9 + 9 + 4 + -11).
-15
What is 54 - ((49 - 17) + 2)?
20
Evaluate -151 + 119 - (-9 - -3 - -4).
-30
What is 5 - 2 - (8 + 5)?
-10
What is the value of -552 + 590 - (1 + 33)?
4
1038 - 1055 - (-1 + -5)
-11
-12 + 25 + 9 + -17
5
Calculate -8 + -1 + (20 - (-1 + 16)).
-4
What is (-30 + 25 - -8 - (1 + -7)) + 0?
9
Evaluate (6 - -6) + -13 + 21 + -21.
-1
Evaluate -26 - (9 - (-2 - -26)).
-11
Evaluate -7 + 0 + -10 + (3 - -1 - -6).
-7
What is the value of 19 + 0 - (82 + -75 - (1 + -3))?
10
What is the value of 15 - (-2 - 13 - -27 - 13)?
16
What is the value of -3 + (-1 - 0) + -15 + 39 + -21?
-1
Calculate (16 - -25) + -21 - 19.
1
What is -1 + 4 + (-9 - -4) + 5 + -3?
0
Evaluate (2 - -9) + 120 + -136.
-5
What is the value of -1 + -3 - (15 - 1) - (-95 + 91)?
-14
What is (-10 + 5 - -18) + (-1 - (8 + -4))?
8
What is the value of 5 - (1 + (0 - -9) + 0 + -3)?
-2
Calculate -6 + (-5 - -20) - 15.
-6
What is the value of (-16 - 0) + 48 + -19 + -20?
-7
Calculate 9 + (-1 - 2) + 10 + -10 - -2.
8
What is the value of 18 - (7 - (-16 + 6)) - (-17 + 0)?
18
Evaluate -40 - -11 - -12 - (1 + -4 + -1).
-13
Evaluate (-31 - -45) + -1 + 5 + -3.
15
3 + (2 - 3) - (7 - (19 + -7))
7
-3 + (0 - ((-3 - 0) + (2 - 5)))
3
What is the value of 4 + (14 - 25) + 13 + -10?
-4
-3 + (4 + 1 + -5 + -2 - 1)
-6
Calculate -38 + 7 - -66 - 23.
12
What is the value of (16 - -2) + (14 - 8 - (50 - 32))?
6
What is -27 + 8 + 33 - (16 + 0)?
-2
What is -21 + (4 - -2 - 11 - (-2 + -1))?
-23
9 + 2 + -20 - -8
-1
Evaluate (0 - 2) + -5 + 5 + -6 + -4.
-12
Evaluate 1 + (1 - 0) + 51 + -59.
-6
What is 4 + -9 + 16 + 10 + 6?
27
What is the value of (-3 - (0 - 6)) + -10 - (-2 + -9)?
4
What is the value of (4 - 16) + 2 + 10 + -4?
-4
What is (-10 - -17) + 3 - (7 + -2)?
5
(-2 - 2) + (43 - 22)
17
(11 - -1) + -1 - (957 + -962)
16
What is -1 + -1 + -1 - (-18 - -34 - 17)?
-2
What is 13 + (31 - 57) + (1 - -2)?
-10
Evaluate (8 - -2) + (20 - (44 - 20)).
6
Calculate (0 - -34) + -8 + -6 + -9 + 15.
26
Evaluate 2 + 24 + (-68 - -47).
5
What is -9 + (-13 - (0 + -4) - -6)?
-12
Evaluate 19 - 8 - 3 - 1 - 13 - -4.
-2
Calculate (-4 - (4 + -1 + -6)) + (5 - 0).
4
Calculate 12 + (-12 + 8 - -9 - (10 + -1)).
8
What is the value of 12 + (26 + -13 - 28) + (11 - 1)?
7
Calculate (9 + -11 - -5 - (5 + 27)) + -4.
-33
Calculate (-12 + 8 - 11) + 10.
-5
1 + (-4 - -4 - 9) + 0 + 4
-4
Calculate 1 - 18 - (-3 + -3) - -3.
-8
4 - 6 - 6 - (-45 - -39)
-2
(27 - 12) + -11 - 22
-18
What is (4 + -6 + -4 - -7) + 1 + 4?
6
What is -1 - (-4 + 12 + 0 + 2)?
-11
Evaluate 1 + 11 + -8 + 1 + -21 + -1.
-17
Calculate 10 - (15 - (4 - -7) - -8 - 1).
-1
What is the value of 53 + (-26 - (-7 - 5)) - 7?
32
Evaluate -18 - (5 + 14 + -38).
1
14 + (1 - 7) + (-2 - -1) - 12
-5
What is the value of -8 - (-31 + -21 + 28)?
16
Evaluate 14 - (-10 + 10 + 11 - 16).
19
Calculate 22 + -8 + (12 - 6) + -3.
17
What is the value of -6 - (8 + 14 - 14 - -12)?
-26
-3 - (-6 + -18 + 5 + 7 + -4)
13
What is the value of 4 + -6 - (0 + 9 + (-5 - 0))?
-6
7 - (13 + -8 - -4) - -1
-1
What is 4 - (